s the tens digit of ((-3)/(-6))/((-4)/(-168))?
2
Let i(a) = a**3 + 2*a**2 + a - 1. Let p be i(-2). Let c be (p + 3 + 3)/1. Suppose -v - 2*v = -c*d + 27, v = -2*d + 21. What is the units digit of d?
0
What is the hundreds digit of 0 - (5 + -1 + -138)?
1
Let f be (-3)/(-6)*3*10. Let m = 25 - f. What is the units digit of m?
0
Let l be 8/(-12) + 47/3. Let p = l - 8. Suppose 5*z - 18 = p. What is the units digit of z?
5
Suppose 3*w + 4 = -2, 2*w - 626 = -3*l. What is the units digit of l?
0
Suppose -m - m + 5*c + 466 = 0, 4*c - 246 = -m. What is the hundreds digit of m?
2
Suppose 4*m - 3 = 5*k - 40, 2*m + k = -29. Let x = 29 + m. What is the tens digit of x?
1
Let o(i) = -19*i + 25. What is the tens digit of o(-4)?
0
Let h(z) = -z**2 + 12*z - 4. Let v be h(10). Suppose 5*w = v + 54. What is the units digit of w?
4
Let b = 3 - 5. Let s be ((-1)/b)/(1/4). Let k(p) = p - 1. What is the units digit of k(s)?
1
Let x be 2370/35 + (-4)/(-14). Let v = x - 19. What is the units digit of v?
9
Suppose -4*f - 455 = -5*w, f + 3*w = -3*f - 495. Let i be f/(-21) + 2/7. What is the units digit of 2*(i/(-4))/(-3)?
1
Suppose -3*u - 5*a + 14 + 14 = 0, 0 = 2*u - 2*a + 8. Let s = 4 - u. What is the units digit of s?
3
Let p be (-11)/3 + 4/6. Let c be 7 + p + (1 - 1). What is the units digit of c/10 + 69/15?
5
Suppose -80 = 4*t - 5*r, -40 = 2*t - 0*t + 3*r. What is the tens digit of ((-22)/(-5))/((-8)/t)?
1
What is the tens digit of 30/8*32/12?
1
What is the tens digit of 318/21 - (-2 + 45/21)?
1
Suppose 5*h + 158 = -3*d, -4*h + 0*d - 5*d - 129 = 0. Let q be h + (0/(-3) - 0). Let y = 43 + q. What is the units digit of y?
2
Let b(m) = 21*m**3 + m**2 - 2*m + 1. What is the tens digit of b(1)?
2
Let v(p) = -9*p**3 + 4*p**2 + 4*p + 3. What is the tens digit of v(-2)?
8
Let q = 68 + 54. What is the hundreds digit of q?
1
Suppose -15 = 3*a + 9. Let n be 14/a*2*2. Let z(r) = -2*r - 10. What is the units digit of z(n)?
4
Let c = 362 - 209. What is the hundreds digit of c?
1
Let l = -7 - -9. Suppose 3*m = l*m + 2. What is the units digit of 1/m + (-10)/(-4)?
3
Let x(n) = n**2 - n + 1. Let h(l) = 7*l**2 - 16*l + 7. Let u(p) = -h(p) + 6*x(p). What is the units digit of u(3)?
0
Suppose -5*f + 313 = 4*g, -2*f = -4*g + 11 + 295. What is the tens digit of g?
7
Let m = 3 - -4. Let w = m - -6. What is the tens digit of w?
1
Let k(b) = 3*b**2 + 11*b - 18. What is the units digit of k(-10)?
2
Let t(a) = a**2 - 3*a + 2. Let c be t(-3). Suppose 4*s = 4*p - c, 0 = -5*p + 5*s - 3*s + 22. Suppose -p = -f - 3*f. What is the units digit of f?
1
Let f = -11 - -36. What is the tens digit of f - ((-5 - 0) + 3)?
2
Let s = 132 + -57. What is the tens digit of s?
7
Suppose -10*d = -9*d - 4. What is the units digit of d?
4
Suppose 2*s = 5*o + 3*s - 25, 2*s = 0. Suppose -1 = -d + 4*n, -2*n + 4 = -o*d + 9. What is the units digit of d?
1
Suppose -z = -5*p + 539, -3*p - z + 321 = -4*z. What is the units digit of p?
8
Let y(v) = v - 3. Suppose -s = -h - 8, 0 = -2*s - 4*h + 2*h + 4. What is the units digit of y(s)?
2
Let g(m) = m**3 + 8*m**2 + 8*m + 5. Let j be g(-7). What is the units digit of (-2)/4 - 39/j?
9
What is the tens digit of 5/(-3) - (-2431)/51?
4
Suppose 4*m - 32 = -5*q, 4*q = 2*q + 3*m + 22. Let p(g) = 6 + 3 - 2*g - q. What is the tens digit of p(-9)?
1
Let o(h) = -2*h + 4 + h + 5. Suppose -3*g = -g. What is the units digit of o(g)?
9
Let i = -31 + 58. Let q = -1 + i. What is the tens digit of q?
2
Let v(c) = -c**2 - 23*c + 8. What is the units digit of v(-14)?
4
Let f(o) = 2*o + 4. Let u(i) = 2*i + 5. Let g(x) = -4*f(x) + 3*u(x). Let k be g(5). Let s = 21 + k. What is the tens digit of s?
1
Let w(u) = 2*u**2 - u + 55. What is the tens digit of w(0)?
5
Suppose 3*c + 25 = 8*c. Suppose b = c*i - 5, -37 - 8 = -b - 5*i. What is the tens digit of b?
2
Let g = 5 + -3. Suppose 7*r + 34 = 3*q + g*r, -r = 5*q - 38. What is the units digit of q?
8
Suppose -25 - 5 = -3*m. Suppose 5*z - z - 38 = 2*b, -2*b = -m. What is the units digit of z?
2
Let g(o) = -2*o**2 + 3*o**2 + 3 + 5*o - 2. What is the units digit of g(-7)?
5
Suppose -2*f = -u - 218, 4*f - 5*u - 442 = -0*u. What is the tens digit of f?
0
Let d = -92 - -160. What is the tens digit of d?
6
Let k(h) = 11*h**2 - 1. Suppose -5*t - q - 85 = -6*q, q = -5*t - 73. Let j be (t/6 - -3)*-2. What is the units digit of k(j)?
0
Suppose 5 = -0*k + k. Suppose 2*d - 3 = a, -d - k*a + 9 = d. What is the units digit of d?
2
Let a(y) = -y**2 + 3*y - 2. Let o be a(1). Let z(q) = -q**2 + 13. What is the tens digit of z(o)?
1
Let z be ((-111)/12)/(4/(-32)). Let m = z - 51. What is the tens digit of m?
2
Let l be -2 + (0 - -4) - 66. Let d = -26 - l. What is the units digit of d?
8
Let t(c) = 2*c + 11. Let o(x) = x + 6. Let j(l) = 9*o(l) - 4*t(l). Let y be j(-8). Suppose 4*g - g = -k + 4, 0 = -2*g - y*k - 4. What is the units digit of g?
3
Suppose q = 4*s - 1155, -4*q + 3*q + 573 = 2*s. What is the hundreds digit of s?
2
Let y = -95 - -179. What is the tens digit of y?
8
Suppose 0 = -5*z + 20. Suppose 2*m - 9 = 3*s, z = -4*m + 5*s + 17. What is the units digit of (-10)/(m + (-2 - -3))?
5
Let c = 0 - -4. Suppose -4*r + c = 20, -3*r - 97 = -5*v. Suppose -1 = -3*t + v. What is the units digit of t?
6
Suppose 0 = -3*r + 118 + 323. What is the units digit of r?
7
Suppose -248 = -2*b - 2*b. What is the units digit of b?
2
Suppose 4*q - 10 = -2*x - x, -5*x + 9 = -q. Let z(r) = r**3 + 3 + 5*r**2 - 4 - 2*r**3 - x*r. What is the units digit of z(2)?
7
Suppose 4*k = -0*k + 4. Let w be (-4)/1*k/(-2). Suppose -2*p + 12 = w*p. What is the units digit of p?
3
Let x = 10 - 7. Suppose p - 3*r = 5*p - 81, -x*p - r = -57. What is the tens digit of p?
1
Let s(w) = -w**3 - 7. Let r be s(0). Let v(a) = -2*a - 4. What is the tens digit of v(r)?
1
Let p(m) = -2*m + 11. Let x be p(8). Let o = 13 + x. What is the units digit of o?
8
Suppose -2*q - 5 = 3*x, -5*x = -4*q - 49 - 16. What is the units digit of (4/q)/(1/(-10))?
4
Let z = -12 + 17. Let l(d) = -12*d + 14*d - 3 + 2. What is the units digit of l(z)?
9
Let v be -2 - (-116)/((-2)/(-1)). Suppose -4*k = 2*c - v, -5*c + 5 + 7 = 2*k. What is the units digit of k?
6
Suppose -b = u - 45 - 13, -b + 63 = -4*u. What is the tens digit of b?
5
Let v = 27 - -8. What is the units digit of ((-63)/v)/((-2)/10)?
9
Suppose -z + 4*n + 385 = 4*z, -5*n - 137 = -2*z. Suppose -x + z = 2*x. What is the tens digit of x?
2
Suppose 5*k - 7 - 13 = 0. Let b be 1 - (-12 - (-1 - 0) - 2). Suppose -2*n + b = -k. What is the units digit of n?
9
Let n(k) = k - 2. Let c be n(6). Suppose -2*q - 11 = -5*t, -q + 18 = c*t + 2*q. Suppose f - 10 = -s, 2*f = t*s + 3*f - 28. What is the units digit of s?
9
Let n(t) = t**3 - 5*t**2 + 2*t + 6. Let o be n(5). Let m = o - -15. What is the tens digit of m?
3
Let g(y) = -32*y - 2. Let u be g(-1). Let w = u + -10. What is the units digit of w?
0
Suppose 0 = 5*m - 10, -5*n + m = 5*m - 208. What is the units digit of n?
0
Let b = 68 + -34. What is the tens digit of b?
3
Suppose c = -0*c + 8. Suppose 2*a + 2*a = c. Suppose -p - a = -3*p. What is the units digit of p?
1
Suppose 0 = 5*q, -3*d + 4*q = 77 + 19. Let b = -23 - d. What is the units digit of b?
9
Let k = 5 - 1. Suppose 3*t - 4*t + 75 = k*s, -s + 9 = -3*t. What is the tens digit of s?
1
Suppose -97 + 153 = 2*f. What is the units digit of f?
8
Let q = -34 - -40. What is the units digit of q?
6
Suppose -4*p = -3*s + 157, s - 161 = 4*p + 2*s. Let y = p + 91. Let h = -33 + y. What is the units digit of h?
8
Let j(d) = -4*d**3 + 21*d**2 + 24*d + 3. Let h(p) = p**3 - 5*p**2 - 6*p - 1. Let c(a) = 9*h(a) + 2*j(a). What is the tens digit of c(5)?
1
Suppose 0 = l - 3*l + 48. What is the tens digit of l?
2
Let c be 5/((-15)/27) - -3. Suppose 0 = g - 0*g + 5. Let n = g - c. What is the units digit of n?
1
Suppose -o - 3*o - 3*l = 61, 0 = 4*o - 2*l + 66. Let h = 1 - o. What is the tens digit of h?
1
What is the tens digit of (-256)/(-14) - 4/14?
1
Suppose -5*y - 5 = 5*l, y - 2*l = -2 + 16. What is the units digit of -4*y/20*-10?
8
Suppose -q = -2*y - 40, -2*y + 2*q - 6*q - 40 = 0. What is the units digit of ((-5)/y)/(2/8)?
1
Let k(w) = w**3 + w**2 + 52. Suppose 2*y - 1 = 3*a - 5, 3*a + 5*y = -10. What is the tens digit of k(a)?
5
What is the tens digit of ((-9)/(-4))/(2/24)?
2
Let x(m) = -m*